{"id":157,"date":"2013-08-01T11:43:52","date_gmt":"2013-08-01T15:43:52","guid":{"rendered":"https:\/\/www.chalets-emelie.com?page_id=157"},"modified":"2014-07-08T20:35:53","modified_gmt":"2014-07-09T00:35:53","slug":"culture","status":"publish","type":"page","link":"https:\/\/www.chalets-emelie.com\/en\/activites\/culture.html?saison=ete","title":{"rendered":"Culture"},"content":{"rendered":"<h2>Lanaudi\u00e8re, it\u2019s also about\u2026 culture!<\/h2>\n<p><em>Benefit from your stay at the Chalets d\u2019Emelie to discover Lanaudiere\u2019s cultural heritage!<\/em><\/p>\n<h3><\/h3>\n<h3>Take part in many festivals in the region during winter and summer!<\/h3>\n<p><a href=\"http:\/\/lanaudiere.org\/\" target=\"_blank\"><b>Le Festival International de Musique de Joliette (July-August)<\/b><\/a>\u00a0With an amphitheater that can host 2000 people under its roof and 6000 on lawns, this festival has carved itself an enviable position and a unique niche among the major destinations of musical performance.<\/p>\n<p><a href=\"http:\/\/memoireracines.org\/\" target=\"_blank\"><b>Le Festival M\u00e9moire et Racines (July)<\/b><\/a><b>\u00a0<\/b>During this annual festival featuring international and Quebec\u2019s traditional music, more than 150 musicians, singers, dancers and storytellers have you live unforgettable moments for five days in a festive atmosphere and.<\/p>\n<p><a href=\"http:\/\/www.pedestr-art-lanaudiere.com\/\" target=\"_blank\"><b>Circuit P\u00e9destr\u2019art, Sainte B\u00e9atrix (July)<\/b><b>\u00a0<\/b><\/a>A free event for family in Sainte-Beatrix, a set of painters, photographers and artisans, music, live-performance by artisans, make-up, animation for children, ancient cars and more!<\/p>\n<p><a href=\"http:\/\/www.ste-marcelline.com\/index.jsp?p=59\" target=\"_blank\"><b>Festival des Artisans, Ste-Marcelline-de-Kildare (September)<\/b><b>\u00a0<\/b><\/a>Every year, the village of Sainte-Marcelline is filled with activities, hosting hundred artists and artisans who present their work to more than 5\u00a0000 visitors from everywhere in Quebec. Come and take part in the most beautiful gathering!<\/p>\n<p><a href=\"https:\/\/www.facebook.com\/FestiGlace?fref=nf\" target=\"_blank\"><b>Festi-Glace de la rivi\u00e8re l\u2019Assomption (January-February)<\/b><\/a><b>\u00a0<\/b> Featuring the longest ice rink being set up on a river in Quebec, the Festi-Glace on the river L\u2019Assomption offers every year a festive program: performances by the Quebec\u2019s young dancers, music, circus and performing arts!<\/p>\n<p><a href=\"http:\/\/www.stcomelanaudiere.ca\/index.jsp?p=168\" target=\"_blank\"><b>Festival des sculptures sur glace, St-C\u00f4me (January-February)<\/b><\/a> Come and see magnificent ice sculptures, entirely built by local artisans, and enjoy traditional music!<\/p>\n<h3><\/h3>\n<h3>Saint-Alphonse&#8217;s municipality also offers you cultural activities few minutes away from your chalet!<\/h3>\n<p><b>St-Alphonse tout en arts\u00a0(June)\u00a0<\/b>Discover the visual art creations of about twenty artists: watercolor, acrylic, ink, oil painting exhibitors, lace, osier, clay, cement, stained glass, wood, etc.<\/p>\n<p><b>Les Doux Jeudis sous les \u00e9toiles (July-August)\u00a0<\/b>Presented by the Conseil des Arts, de la Culture et du Patrimoine\u00a0at the Parc des Arts, on the outdoor scene Alphonse-Desjardins, Les Doux Jeudis sous les \u00e9toiles invite you to enjoy warm summer evenings while attending its free musical shows offered free of charge, under the stars&#8230;<\/p>\n<p><b>Journ\u00e9es de la culture (September)\u00a0<\/b>The Journ\u00e9es de la Culture \u00a0take place every year under a different theme\u00a0: exhibitions, creative activities, shows, etc.<\/p>\n<p><a href=\"http:\/\/www.municipalite.saintalphonserodriguez.qc.ca\/index.jsp?numPage=6\" target=\"_blank\">Click here to discover the program<\/a><\/p>\n<h3><\/h3>\n<h3>Any time, you can also discover Lanaudiere\u2019s cultural heritage through\u2026<\/h3>\n<p><a href=\"http:\/\/www.museejoliette.org\/\" target=\"_blank\"><b>Le mus\u00e9e d\u2019Art de Joliette<\/b><\/a><b>\u00a0<\/b>The MAJ is known on the national scene since over 40 years ago for the richness of its collection, today consisting of almost 9\u00a0000 creations distributed through\u00a0 5 collections: Canadian art, European art, contemporary art, decorative art and archeology.<\/p>\n<p><a href=\"http:\/\/museelouiscyr.com\/\" target=\"_blank\"><b>La Maison Louis-Cyr<\/b><\/a><b>\u00a0<\/b>In the village of Saint-Jean-de-Matha, this museum presents the world\u2019s strongest man, whose strength was never equalled.<\/p>\n<p><a href=\"http:\/\/www.abbayevalnotredame.ca\/\" target=\"_blank\"><b>L\u2019Abbaye Val Notre-Dame<\/b><\/a><b>\u00a0<\/b>Overlooking the river L\u2019Assomption in Saint-Jean-de-Matha, the Abbaye Val Notre-Dame hosts a community of Cistercian monks who have come from the Abbaye d\u2019Oka. At their store, you will find caramels, chocolates, fruit cakes and nuts butters they make as a way to assure their living.<a href=\"http:\/\/www.abbayevalnotredame.ca\/\" target=\"_blank\"><br \/>\n<\/a><\/p>\n<h3><\/h3>\n<h3>And through its artisans\u2026<\/h3>\n<p><a href=\"http:\/\/bonsaigrosbec.com\/\" target=\"_blank\"><b>Bonsa\u00ef<\/b><\/a><a href=\"http:\/\/bonsaigrosbec.com\/\" target=\"_blank\"><b>\u00a0<\/b><b>Gros-Bec<\/b><\/a><b>\u00a0<\/b>A place for interpretation and exhibition of the Japanese Bonsa\u00ef and Chinese Penjing arts, Bonsa\u00ef Gros-Bec is an educational center that offers as well courses and that hosts a boutique all-year-long, surrounded by picturesque greenhouses full of bonsais and by a zen garden on\u00a0 a rocky headland offering a mountainous panorama.<\/p>\n<p><strong>Poterie Martine Buczkowski<\/strong>\u00a0In a charming centennial house, Martine Buczkowski invites you to her exhibition room. You will discover magnificent\u00a0 utilitarian ceramic objects and learn about the art profession this artisan has been exercising for more than thirty years. 256, rue Sainte-Louise, Saint-Jean-de-Matha.<\/p>\n<p><strong>L\u2019Arbre et la Rivi\u00e8re<\/strong>\u00a0Located in the valley of the river Matambin, this potter artisan\u2019s enterprise consists of a workshop, a rural boutique as well as a wood stove installation. You will discover original objects hand-made from stoneware and enamelled porcelain. 6757, rue Principale, Saint-Damien.<\/p>\n","protected":false},"excerpt":{"rendered":"<p>Lanaudi\u00e8re, it\u2019s also about\u2026 culture! Benefit from your stay at the Chalets d\u2019Emelie to discover Lanaudiere\u2019s cultural heritage! Take part in many festivals in the region during winter and summer! Le Festival International de Musique de Joliette (July-August)\u00a0With an amphitheater that can host 2000 people under its roof and 6000 on lawns, this festival has [&hellip;]<\/p>\n","protected":false},"author":5,"featured_media":0,"parent":147,"menu_order":2,"comment_status":"open","ping_status":"open","template":"","meta":{"_acf_changed":false,"_monsterinsights_skip_tracking":false,"ngg_post_thumbnail":0,"footnotes":""},"class_list":["post-157","page","type-page","status-publish","hentry"],"acf":[],"yoast_head":"<!-- This site is optimized with the Yoast SEO plugin v28.3 - https:\/\/yoast.com\/product\/yoast-seo-wordpress\/ -->\n<title>Culture - Chalets d&#039;\u00c9m\u00e9lie<\/title>\n<meta name=\"description\" content=\"Lanaudi\u00e8re, it\u2019s also about\u2026 culture! Discover Lanaudiere\u2019s cultural heritage! Take part in many festivals in the region during winter and summer!\" \/>\n<meta name=\"robots\" content=\"index, follow, max-snippet:-1, max-image-preview:large, max-video-preview:-1\" \/>\n<link rel=\"canonical\" href=\"https:\/\/www.chalets-emelie.com\/en\/activites\/culture.html?saison=ete\" \/>\n<meta property=\"og:locale\" content=\"en_US\" \/>\n<meta property=\"og:type\" content=\"article\" \/>\n<meta property=\"og:title\" content=\"Culture - Chalets d&#039;\u00c9m\u00e9lie\" \/>\n<meta property=\"og:description\" content=\"Lanaudi\u00e8re, it\u2019s also about\u2026 culture! Discover Lanaudiere\u2019s cultural heritage! Take part in many festivals in the region during winter and summer!\" \/>\n<meta property=\"og:url\" content=\"https:\/\/www.chalets-emelie.com\/en\/activites\/culture.html?saison=ete\" \/>\n<meta property=\"og:site_name\" content=\"Chalets d&#039;\u00c9m\u00e9lie\" \/>\n<meta property=\"article:modified_time\" content=\"2014-07-09T00:35:53+00:00\" \/>\n<meta name=\"twitter:card\" content=\"summary_large_image\" \/>\n<meta name=\"twitter:label1\" content=\"Est. reading time\" \/>\n\t<meta name=\"twitter:data1\" content=\"3 minutes\" \/>\n<script type=\"application\/ld+json\" class=\"yoast-schema-graph\">{\"@context\":\"https:\\\/\\\/schema.org\",\"@graph\":[{\"@type\":\"WebPage\",\"@id\":\"https:\\\/\\\/www.chalets-emelie.com\\\/en\\\/activites\\\/culture.html?saison=ete\",\"url\":\"https:\\\/\\\/www.chalets-emelie.com\\\/en\\\/activites\\\/culture.html?saison=ete\",\"name\":\"Culture - Chalets d&#039;\u00c9m\u00e9lie\",\"isPartOf\":{\"@id\":\"https:\\\/\\\/www.chalets-emelie.com\\\/#website\"},\"datePublished\":\"2013-08-01T15:43:52+00:00\",\"dateModified\":\"2014-07-09T00:35:53+00:00\",\"description\":\"Lanaudi\u00e8re, it\u2019s also about\u2026 culture! Discover Lanaudiere\u2019s cultural heritage! Take part in many festivals in the region during winter and summer!\",\"breadcrumb\":{\"@id\":\"https:\\\/\\\/www.chalets-emelie.com\\\/en\\\/activites\\\/culture.html?saison=ete#breadcrumb\"},\"inLanguage\":\"en-US\",\"potentialAction\":[{\"@type\":\"ReadAction\",\"target\":[\"https:\\\/\\\/www.chalets-emelie.com\\\/en\\\/activites\\\/culture.html?saison=ete\"]}]},{\"@type\":\"BreadcrumbList\",\"@id\":\"https:\\\/\\\/www.chalets-emelie.com\\\/en\\\/activites\\\/culture.html?saison=ete#breadcrumb\",\"itemListElement\":[{\"@type\":\"ListItem\",\"position\":1,\"name\":\"Activities\",\"item\":\"https:\\\/\\\/www.chalets-emelie.com\\\/en\\\/activites.html?saison=ete\"},{\"@type\":\"ListItem\",\"position\":2,\"name\":\"Culture\"}]},{\"@type\":\"WebSite\",\"@id\":\"https:\\\/\\\/www.chalets-emelie.com\\\/#website\",\"url\":\"https:\\\/\\\/www.chalets-emelie.com\\\/\",\"name\":\"Chalets d&#039;\u00c9m\u00e9lie\",\"description\":\"Votre parc priv\u00e9 dans Lanaudi\u00e8re\",\"potentialAction\":[{\"@type\":\"SearchAction\",\"target\":{\"@type\":\"EntryPoint\",\"urlTemplate\":\"https:\\\/\\\/www.chalets-emelie.com\\\/?s={search_term_string}\"},\"query-input\":{\"@type\":\"PropertyValueSpecification\",\"valueRequired\":true,\"valueName\":\"search_term_string\"}}],\"inLanguage\":\"en-US\"}]}<\/script>\n<!-- \/ Yoast SEO plugin. -->","yoast_head_json":{"title":"Culture - Chalets d&#039;\u00c9m\u00e9lie","description":"Lanaudi\u00e8re, it\u2019s also about\u2026 culture! Discover Lanaudiere\u2019s cultural heritage! Take part in many festivals in the region during winter and summer!","robots":{"index":"index","follow":"follow","max-snippet":"max-snippet:-1","max-image-preview":"max-image-preview:large","max-video-preview":"max-video-preview:-1"},"canonical":"https:\/\/www.chalets-emelie.com\/en\/activites\/culture.html?saison=ete","og_locale":"en_US","og_type":"article","og_title":"Culture - Chalets d&#039;\u00c9m\u00e9lie","og_description":"Lanaudi\u00e8re, it\u2019s also about\u2026 culture! Discover Lanaudiere\u2019s cultural heritage! Take part in many festivals in the region during winter and summer!","og_url":"https:\/\/www.chalets-emelie.com\/en\/activites\/culture.html?saison=ete","og_site_name":"Chalets d&#039;\u00c9m\u00e9lie","article_modified_time":"2014-07-09T00:35:53+00:00","twitter_card":"summary_large_image","twitter_misc":{"Est. reading time":"3 minutes"},"schema":{"@context":"https:\/\/schema.org","@graph":[{"@type":"WebPage","@id":"https:\/\/www.chalets-emelie.com\/en\/activites\/culture.html?saison=ete","url":"https:\/\/www.chalets-emelie.com\/en\/activites\/culture.html?saison=ete","name":"Culture - Chalets d&#039;\u00c9m\u00e9lie","isPartOf":{"@id":"https:\/\/www.chalets-emelie.com\/#website"},"datePublished":"2013-08-01T15:43:52+00:00","dateModified":"2014-07-09T00:35:53+00:00","description":"Lanaudi\u00e8re, it\u2019s also about\u2026 culture! Discover Lanaudiere\u2019s cultural heritage! Take part in many festivals in the region during winter and summer!","breadcrumb":{"@id":"https:\/\/www.chalets-emelie.com\/en\/activites\/culture.html?saison=ete#breadcrumb"},"inLanguage":"en-US","potentialAction":[{"@type":"ReadAction","target":["https:\/\/www.chalets-emelie.com\/en\/activites\/culture.html?saison=ete"]}]},{"@type":"BreadcrumbList","@id":"https:\/\/www.chalets-emelie.com\/en\/activites\/culture.html?saison=ete#breadcrumb","itemListElement":[{"@type":"ListItem","position":1,"name":"Activities","item":"https:\/\/www.chalets-emelie.com\/en\/activites.html?saison=ete"},{"@type":"ListItem","position":2,"name":"Culture"}]},{"@type":"WebSite","@id":"https:\/\/www.chalets-emelie.com\/#website","url":"https:\/\/www.chalets-emelie.com\/","name":"Chalets d&#039;\u00c9m\u00e9lie","description":"Votre parc priv\u00e9 dans Lanaudi\u00e8re","potentialAction":[{"@type":"SearchAction","target":{"@type":"EntryPoint","urlTemplate":"https:\/\/www.chalets-emelie.com\/?s={search_term_string}"},"query-input":{"@type":"PropertyValueSpecification","valueRequired":true,"valueName":"search_term_string"}}],"inLanguage":"en-US"}]}},"_links":{"self":[{"href":"https:\/\/www.chalets-emelie.com\/en\/wp-json\/wp\/v2\/pages\/157","targetHints":{"allow":["GET"]}}],"collection":[{"href":"https:\/\/www.chalets-emelie.com\/en\/wp-json\/wp\/v2\/pages"}],"about":[{"href":"https:\/\/www.chalets-emelie.com\/en\/wp-json\/wp\/v2\/types\/page"}],"author":[{"embeddable":true,"href":"https:\/\/www.chalets-emelie.com\/en\/wp-json\/wp\/v2\/users\/5"}],"replies":[{"embeddable":true,"href":"https:\/\/www.chalets-emelie.com\/en\/wp-json\/wp\/v2\/comments?post=157"}],"version-history":[{"count":3,"href":"https:\/\/www.chalets-emelie.com\/en\/wp-json\/wp\/v2\/pages\/157\/revisions"}],"predecessor-version":[{"id":951,"href":"https:\/\/www.chalets-emelie.com\/en\/wp-json\/wp\/v2\/pages\/157\/revisions\/951"}],"up":[{"embeddable":true,"href":"https:\/\/www.chalets-emelie.com\/en\/wp-json\/wp\/v2\/pages\/147"}],"wp:attachment":[{"href":"https:\/\/www.chalets-emelie.com\/en\/wp-json\/wp\/v2\/media?parent=157"}],"curies":[{"name":"wp","href":"https:\/\/api.w.org\/{rel}","templated":true}]}}

<h2>Lanaudière, it’s also about… culture!</h2>
<p><em>Benefit from your stay at the Chalets d’Emelie to discover Lanaudiere’s cultural heritage!</em></p>
<h3></h3>
<h3>Take part in many festivals in the region during winter and summer!</h3>
<p><a href="http://lanaudiere.org/" target="_blank"><b>Le Festival International de Musique de Joliette (July-August)</b></a> With an amphitheater that can host 2000 people under its roof and 6000 on lawns, this festival has carved itself an enviable position and a unique niche among the major destinations of musical performance.</p>
<p><a href="http://memoireracines.org/" target="_blank"><b>Le Festival Mémoire et Racines (July)</b></a><b> </b>During this annual festival featuring international and Quebec’s traditional music, more than 150 musicians, singers, dancers and storytellers have you live unforgettable moments for five days in a festive atmosphere and.</p>
<p><a href="http://www.pedestr-art-lanaudiere.com/" target="_blank"><b>Circuit Pédestr’art, Sainte Béatrix (July)</b><b> </b></a>A free event for family in Sainte-Beatrix, a set of painters, photographers and artisans, music, live-performance by artisans, make-up, animation for children, ancient cars and more!</p>
<p><a href="http://www.ste-marcelline.com/index.jsp?p=59" target="_blank"><b>Festival des Artisans, Ste-Marcelline-de-Kildare (September)</b><b> </b></a>Every year, the village of Sainte-Marcelline is filled with activities, hosting hundred artists and artisans who present their work to more than 5 000 visitors from everywhere in Quebec. Come and take part in the most beautiful gathering!</p>
<p><a href="https://www.facebook.com/FestiGlace?fref=nf" target="_blank"><b>Festi-Glace de la rivière l’Assomption (January-February)</b></a><b> </b> Featuring the longest ice rink being set up on a river in Quebec, the Festi-Glace on the river L’Assomption offers every year a festive program: performances by the Quebec’s young dancers, music, circus and performing arts!</p>
<p><a href="http://www.stcomelanaudiere.ca/index.jsp?p=168" target="_blank"><b>Festival des sculptures sur glace, St-Côme (January-February)</b></a> Come and see magnificent ice sculptures, entirely built by local artisans, and enjoy traditional music!</p>
<h3></h3>
<h3>Saint-Alphonse&#8217;s municipality also offers you cultural activities few minutes away from your chalet!</h3>
<p><b>St-Alphonse tout en arts (June) </b>Discover the visual art creations of about twenty artists: watercolor, acrylic, ink, oil painting exhibitors, lace, osier, clay, cement, stained glass, wood, etc.</p>
<p><b>Les Doux Jeudis sous les étoiles (July-August) </b>Presented by the Conseil des Arts, de la Culture et du Patrimoine at the Parc des Arts, on the outdoor scene Alphonse-Desjardins, Les Doux Jeudis sous les étoiles invite you to enjoy warm summer evenings while attending its free musical shows offered free of charge, under the stars&#8230;</p>
<p><b>Journées de la culture (September) </b>The Journées de la Culture  take place every year under a different theme : exhibitions, creative activities, shows, etc.</p>
<p><a href="http://www.municipalite.saintalphonserodriguez.qc.ca/index.jsp?numPage=6" target="_blank">Click here to discover the program</a></p>
<h3></h3>
<h3>Any time, you can also discover Lanaudiere’s cultural heritage through…</h3>
<p><a href="http://www.museejoliette.org/" target="_blank"><b>Le musée d’Art de Joliette</b></a><b> </b>The MAJ is known on the national scene since over 40 years ago for the richness of its collection, today consisting of almost 9 000 creations distributed through  5 collections: Canadian art, European art, contemporary art, decorative art and archeology.</p>
<p><a href="http://museelouiscyr.com/" target="_blank"><b>La Maison Louis-Cyr</b></a><b> </b>In the village of Saint-Jean-de-Matha, this museum presents the world’s strongest man, whose strength was never equalled.</p>
<p><a href="http://www.abbayevalnotredame.ca/" target="_blank"><b>L’Abbaye Val Notre-Dame</b></a><b> </b>Overlooking the river L’Assomption in Saint-Jean-de-Matha, the Abbaye Val Notre-Dame hosts a community of Cistercian monks who have come from the Abbaye d’Oka. At their store, you will find caramels, chocolates, fruit cakes and nuts butters they make as a way to assure their living.<a href="http://www.abbayevalnotredame.ca/" target="_blank"><br />
</a></p>
<h3></h3>
<h3>And through its artisans…</h3>
<p><a href="http://bonsaigrosbec.com/" target="_blank"><b>Bonsaï</b></a><a href="http://bonsaigrosbec.com/" target="_blank"><b> </b><b>Gros-Bec</b></a><b> </b>A place for interpretation and exhibition of the Japanese Bonsaï and Chinese Penjing arts, Bonsaï Gros-Bec is an educational center that offers as well courses and that hosts a boutique all-year-long, surrounded by picturesque greenhouses full of bonsais and by a zen garden on  a rocky headland offering a mountainous panorama.</p>
<p><strong>Poterie Martine Buczkowski</strong> In a charming centennial house, Martine Buczkowski invites you to her exhibition room. You will discover magnificent  utilitarian ceramic objects and learn about the art profession this artisan has been exercising for more than thirty years. 256, rue Sainte-Louise, Saint-Jean-de-Matha.</p>
<p><strong>L’Arbre et la Rivière</strong> Located in the valley of the river Matambin, this potter artisan’s enterprise consists of a workshop, a rural boutique as well as a wood stove installation. You will discover original objects hand-made from stoneware and enamelled porcelain. 6757, rue Principale, Saint-Damien.</p>

<p>Lanaudière, it’s also about… culture! Benefit from your stay at the Chalets d’Emelie to discover Lanaudiere’s cultural heritage! Take part in many festivals in the region during winter and summer! Le Festival International de Musique de Joliette (July-August) With an amphitheater that can host 2000 people under its roof and 6000 on lawns, this festival has [&hellip;]</p>

<!-- This site is optimized with the Yoast SEO plugin v28.3 - https://yoast.com/product/yoast-seo-wordpress/ -->
<title>Culture - Chalets d&#039;Émélie</title>
<meta name="description" content="Lanaudière, it’s also about… culture! Discover Lanaudiere’s cultural heritage! Take part in many festivals in the region during winter and summer!" />
<meta name="robots" content="index, follow, max-snippet:-1, max-image-preview:large, max-video-preview:-1" />
<link rel="canonical" href="https://www.chalets-emelie.com/en/activites/culture.html?saison=ete" />
<meta property="og:locale" content="en_US" />
<meta property="og:type" content="article" />
<meta property="og:title" content="Culture - Chalets d&#039;Émélie" />
<meta property="og:description" content="Lanaudière, it’s also about… culture! Discover Lanaudiere’s cultural heritage! Take part in many festivals in the region during winter and summer!" />
<meta property="og:url" content="https://www.chalets-emelie.com/en/activites/culture.html?saison=ete" />
<meta property="og:site_name" content="Chalets d&#039;Émélie" />
<meta property="article:modified_time" content="2014-07-09T00:35:53+00:00" />
<meta name="twitter:card" content="summary_large_image" />
<meta name="twitter:label1" content="Est. reading time" />
	<meta name="twitter:data1" content="3 minutes" />
<script type="application/ld+json" class="yoast-schema-graph">{"@context":"https:\/\/schema.org","@graph":[{"@type":"WebPage","@id":"https:\/\/www.chalets-emelie.com\/en\/activites\/culture.html?saison=ete","url":"https:\/\/www.chalets-emelie.com\/en\/activites\/culture.html?saison=ete","name":"Culture - Chalets d&#039;Émélie","isPartOf":{"@id":"https:\/\/www.chalets-emelie.com\/#website"},"datePublished":"2013-08-01T15:43:52+00:00","dateModified":"2014-07-09T00:35:53+00:00","description":"Lanaudière, it’s also about… culture! Discover Lanaudiere’s cultural heritage! Take part in many festivals in the region during winter and summer!","breadcrumb":{"@id":"https:\/\/www.chalets-emelie.com\/en\/activites\/culture.html?saison=ete#breadcrumb"},"inLanguage":"en-US","potentialAction":[{"@type":"ReadAction","target":["https:\/\/www.chalets-emelie.com\/en\/activites\/culture.html?saison=ete"]}]},{"@type":"BreadcrumbList","@id":"https:\/\/www.chalets-emelie.com\/en\/activites\/culture.html?saison=ete#breadcrumb","itemListElement":[{"@type":"ListItem","position":1,"name":"Activities","item":"https:\/\/www.chalets-emelie.com\/en\/activites.html?saison=ete"},{"@type":"ListItem","position":2,"name":"Culture"}]},{"@type":"WebSite","@id":"https:\/\/www.chalets-emelie.com\/#website","url":"https:\/\/www.chalets-emelie.com\/","name":"Chalets d&#039;Émélie","description":"Votre parc privé dans Lanaudière","potentialAction":[{"@type":"SearchAction","target":{"@type":"EntryPoint","urlTemplate":"https:\/\/www.chalets-emelie.com\/?s={search_term_string}"},"query-input":{"@type":"PropertyValueSpecification","valueRequired":true,"valueName":"search_term_string"}}],"inLanguage":"en-US"}]}</script>
<!-- / Yoast SEO plugin. -->

Culture - Chalets d&#039;Émélie

Lanaudière, it’s also about… culture! Discover Lanaudiere’s cultural heritage! Take part in many festivals in the region during winter and summer!

Chalets d&#039;Émélie

Votre parc privé dans Lanaudière
