{"id":414,"date":"2013-09-30T15:30:38","date_gmt":"2013-09-30T19:30:38","guid":{"rendered":"https:\/\/www.chalets-emelie.coma-propos-2\/?saison=hiver"},"modified":"2014-02-18T09:33:05","modified_gmt":"2014-02-18T14:33:05","slug":"a-propos","status":"publish","type":"page","link":"https:\/\/www.chalets-emelie.com\/en\/a-propos.html?saison=ete","title":{"rendered":"About us"},"content":{"rendered":"<p>About us<\/p>\n","protected":false},"excerpt":{"rendered":"<p>About us<\/p>\n","protected":false},"author":8,"featured_media":0,"parent":0,"menu_order":53,"comment_status":"open","ping_status":"open","template":"","meta":{"_acf_changed":false,"_monsterinsights_skip_tracking":false,"ngg_post_thumbnail":0,"footnotes":""},"class_list":["post-414","page","type-page","status-publish","hentry"],"acf":[],"yoast_head":"<!-- This site is optimized with the Yoast SEO plugin v28.3 - https:\/\/yoast.com\/product\/yoast-seo-wordpress\/ -->\n<title>About us - Chalets d&#039;\u00c9m\u00e9lie<\/title>\n<meta name=\"robots\" content=\"index, follow, max-snippet:-1, max-image-preview:large, max-video-preview:-1\" \/>\n<link rel=\"canonical\" href=\"https:\/\/www.chalets-emelie.com\/en\/a-propos.html?saison=ete\/feed\/feed\" \/>\n<meta property=\"og:locale\" content=\"en_US\" \/>\n<meta property=\"og:type\" content=\"article\" \/>\n<meta property=\"og:title\" content=\"About us - Chalets d&#039;\u00c9m\u00e9lie\" \/>\n<meta property=\"og:description\" content=\"About us\" \/>\n<meta property=\"og:url\" content=\"https:\/\/www.chalets-emelie.com\/en\/a-propos.html?saison=ete\/feed\/feed\" \/>\n<meta property=\"og:site_name\" content=\"Chalets d&#039;\u00c9m\u00e9lie\" \/>\n<meta property=\"article:modified_time\" content=\"2014-02-18T14:33:05+00:00\" \/>\n<meta name=\"twitter:card\" content=\"summary_large_image\" \/>\n<script type=\"application\/ld+json\" class=\"yoast-schema-graph\">{\"@context\":\"https:\\\/\\\/schema.org\",\"@graph\":[{\"@type\":\"WebPage\",\"@id\":\"https:\\\/\\\/www.chalets-emelie.com\\\/en\\\/a-propos.html?saison=ete\\\/feed\\\/feed\",\"url\":\"https:\\\/\\\/www.chalets-emelie.com\\\/en\\\/a-propos.html?saison=ete\\\/feed\\\/feed\",\"name\":\"About us - Chalets d&#039;\u00c9m\u00e9lie\",\"isPartOf\":{\"@id\":\"https:\\\/\\\/www.chalets-emelie.com\\\/#website\"},\"datePublished\":\"2013-09-30T19:30:38+00:00\",\"dateModified\":\"2014-02-18T14:33:05+00:00\",\"inLanguage\":\"en-US\",\"potentialAction\":[{\"@type\":\"ReadAction\",\"target\":[\"https:\\\/\\\/www.chalets-emelie.com\\\/en\\\/a-propos.html?saison=ete\\\/feed\\\/feed\"]}]},{\"@type\":\"WebSite\",\"@id\":\"https:\\\/\\\/www.chalets-emelie.com\\\/#website\",\"url\":\"https:\\\/\\\/www.chalets-emelie.com\\\/\",\"name\":\"Chalets d&#039;\u00c9m\u00e9lie\",\"description\":\"Votre parc priv\u00e9 dans Lanaudi\u00e8re\",\"potentialAction\":[{\"@type\":\"SearchAction\",\"target\":{\"@type\":\"EntryPoint\",\"urlTemplate\":\"https:\\\/\\\/www.chalets-emelie.com\\\/?s={search_term_string}\"},\"query-input\":{\"@type\":\"PropertyValueSpecification\",\"valueRequired\":true,\"valueName\":\"search_term_string\"}}],\"inLanguage\":\"en-US\"}]}<\/script>\n<!-- \/ Yoast SEO plugin. -->","yoast_head_json":{"title":"About us - Chalets d&#039;\u00c9m\u00e9lie","robots":{"index":"index","follow":"follow","max-snippet":"max-snippet:-1","max-image-preview":"max-image-preview:large","max-video-preview":"max-video-preview:-1"},"canonical":"https:\/\/www.chalets-emelie.com\/en\/a-propos.html?saison=ete\/feed\/feed","og_locale":"en_US","og_type":"article","og_title":"About us - Chalets d&#039;\u00c9m\u00e9lie","og_description":"About us","og_url":"https:\/\/www.chalets-emelie.com\/en\/a-propos.html?saison=ete\/feed\/feed","og_site_name":"Chalets d&#039;\u00c9m\u00e9lie","article_modified_time":"2014-02-18T14:33:05+00:00","twitter_card":"summary_large_image","schema":{"@context":"https:\/\/schema.org","@graph":[{"@type":"WebPage","@id":"https:\/\/www.chalets-emelie.com\/en\/a-propos.html?saison=ete\/feed\/feed","url":"https:\/\/www.chalets-emelie.com\/en\/a-propos.html?saison=ete\/feed\/feed","name":"About us - Chalets d&#039;\u00c9m\u00e9lie","isPartOf":{"@id":"https:\/\/www.chalets-emelie.com\/#website"},"datePublished":"2013-09-30T19:30:38+00:00","dateModified":"2014-02-18T14:33:05+00:00","inLanguage":"en-US","potentialAction":[{"@type":"ReadAction","target":["https:\/\/www.chalets-emelie.com\/en\/a-propos.html?saison=ete\/feed\/feed"]}]},{"@type":"WebSite","@id":"https:\/\/www.chalets-emelie.com\/#website","url":"https:\/\/www.chalets-emelie.com\/","name":"Chalets d&#039;\u00c9m\u00e9lie","description":"Votre parc priv\u00e9 dans Lanaudi\u00e8re","potentialAction":[{"@type":"SearchAction","target":{"@type":"EntryPoint","urlTemplate":"https:\/\/www.chalets-emelie.com\/?s={search_term_string}"},"query-input":{"@type":"PropertyValueSpecification","valueRequired":true,"valueName":"search_term_string"}}],"inLanguage":"en-US"}]}},"_links":{"self":[{"href":"https:\/\/www.chalets-emelie.com\/en\/wp-json\/wp\/v2\/pages\/414","targetHints":{"allow":["GET"]}}],"collection":[{"href":"https:\/\/www.chalets-emelie.com\/en\/wp-json\/wp\/v2\/pages"}],"about":[{"href":"https:\/\/www.chalets-emelie.com\/en\/wp-json\/wp\/v2\/types\/page"}],"author":[{"embeddable":true,"href":"https:\/\/www.chalets-emelie.com\/en\/wp-json\/wp\/v2\/users\/8"}],"replies":[{"embeddable":true,"href":"https:\/\/www.chalets-emelie.com\/en\/wp-json\/wp\/v2\/comments?post=414"}],"version-history":[{"count":3,"href":"https:\/\/www.chalets-emelie.com\/en\/wp-json\/wp\/v2\/pages\/414\/revisions"}],"predecessor-version":[{"id":608,"href":"https:\/\/www.chalets-emelie.com\/en\/wp-json\/wp\/v2\/pages\/414\/revisions\/608"}],"wp:attachment":[{"href":"https:\/\/www.chalets-emelie.com\/en\/wp-json\/wp\/v2\/media?parent=414"}],"curies":[{"name":"wp","href":"https:\/\/api.w.org\/{rel}","templated":true}]}}

<!-- This site is optimized with the Yoast SEO plugin v28.3 - https://yoast.com/product/yoast-seo-wordpress/ -->
<title>About us - Chalets d&#039;Émélie</title>
<meta name="robots" content="index, follow, max-snippet:-1, max-image-preview:large, max-video-preview:-1" />
<link rel="canonical" href="https://www.chalets-emelie.com/en/a-propos.html?saison=ete/feed/feed" />
<meta property="og:locale" content="en_US" />
<meta property="og:type" content="article" />
<meta property="og:title" content="About us - Chalets d&#039;Émélie" />
<meta property="og:description" content="About us" />
<meta property="og:url" content="https://www.chalets-emelie.com/en/a-propos.html?saison=ete/feed/feed" />
<meta property="og:site_name" content="Chalets d&#039;Émélie" />
<meta property="article:modified_time" content="2014-02-18T14:33:05+00:00" />
<meta name="twitter:card" content="summary_large_image" />
<script type="application/ld+json" class="yoast-schema-graph">{"@context":"https:\/\/schema.org","@graph":[{"@type":"WebPage","@id":"https:\/\/www.chalets-emelie.com\/en\/a-propos.html?saison=ete\/feed\/feed","url":"https:\/\/www.chalets-emelie.com\/en\/a-propos.html?saison=ete\/feed\/feed","name":"About us - Chalets d&#039;Émélie","isPartOf":{"@id":"https:\/\/www.chalets-emelie.com\/#website"},"datePublished":"2013-09-30T19:30:38+00:00","dateModified":"2014-02-18T14:33:05+00:00","inLanguage":"en-US","potentialAction":[{"@type":"ReadAction","target":["https:\/\/www.chalets-emelie.com\/en\/a-propos.html?saison=ete\/feed\/feed"]}]},{"@type":"WebSite","@id":"https:\/\/www.chalets-emelie.com\/#website","url":"https:\/\/www.chalets-emelie.com\/","name":"Chalets d&#039;Émélie","description":"Votre parc privé dans Lanaudière","potentialAction":[{"@type":"SearchAction","target":{"@type":"EntryPoint","urlTemplate":"https:\/\/www.chalets-emelie.com\/?s={search_term_string}"},"query-input":{"@type":"PropertyValueSpecification","valueRequired":true,"valueName":"search_term_string"}}],"inLanguage":"en-US"}]}</script>
<!-- / Yoast SEO plugin. -->

About us - Chalets d&#039;Émélie

Chalets d&#039;Émélie

Votre parc privé dans Lanaudière
